/(-38) + 296/2812 composite?
False
Let k(x) = 2*x**3 + x**2 + 5 + 3*x - 6 - 3*x**3. Let i be k(-3). Let j = 83 - i. Is j composite?
True
Let i(q) = -q**3 + 14*q**2 - 12*q - 13. Let h be i(13). Suppose -1 - 4 = 5*c + p, 4*c - 3*p + 23 = h. Is ((-19)/(-38))/(c/(-776)) a composite number?
True
Suppose 3*c - 2073 = 4*f, c = -f - 3*c - 523. Let r = 917 + f. Suppose 2*j = 1040 + r. Is j composite?
False
Is 3470/4*(384/(-80) - -26) a composite number?
True
Suppose -27*t + 4*k + 146403 = -24*t, 2*k = 12. Is t prime?
True
Suppose -7*s - 904241 = -20*s + 646542. Is s composite?
False
Let p be (-390)/(-7)*91/21*21. Let b = -217 + p. Is b prime?
False
Suppose -1962 = -3*t - 4*a, -5*a - 2046 + 738 = -2*t. Let r = t - 333. Is r a prime number?
False
Suppose -q - 4*j - 22 = -3*q, 25 = 5*q - 4*j. Is (91 - (-2)/q)*(-55)/(-15) prime?
False
Suppose 6*r + 2308 - 6340 = 0. Suppose 27140 - r = 4*a. Is a a prime number?
False
Suppose 5*g = 4*v - 0*g - 95, -v - 5*g + 5 = 0. Suppose 0 = 18*c - v*c + 2098. Is c composite?
False
Let o be (180/(-120))/(1/4). Is ((-1761)/o)/((45/(-6))/(-15)) prime?
True
Let r be (-2)/(-4) - 1365/(-30). Let z = 46 - r. Suppose z*v + 2*v = 998. Is v composite?
False
Suppose -44*i - 37*i + 1099312 = -65*i. Is i a prime number?
False
Let l = 37 + -30. Suppose -5*n + 64 = -l*n. Let y = -13 - n. Is y prime?
True
Suppose 47*j - 50*j = -1998. Suppose -j*p = -678*p + 14376. Is p prime?
False
Let h(q) = -1910*q - 2849. Is h(-9) prime?
True
Suppose 5*b + 2*p - 2 + 16 = 0, 2*p + 2 = b. Is 958 + b - 2/2 a prime number?
False
Suppose -299*y + 587485 = -294*y - 2*m, -2*y - 2*m = -234994. Is y a prime number?
True
Let a be ((-2)/6)/(-2 + (-195)/(-99)). Suppose -a*m + 20250 = -47323. Is m prime?
True
Suppose -2092 = 6*o - 5*o. Let z = 1212 + o. Let i = -249 - z. Is i a prime number?
True
Let q be 4/(-5)*(21 + -31) - 4. Suppose 8143 + 12733 = q*y. Is y prime?
False
Suppose 84*w = -q + 80*w + 31969, -5*w - 63899 = -2*q. Is q composite?
False
Let o = -1628 - -562. Let l = 2339 + o. Is l a prime number?
False
Let s(v) be the first derivative of v**4/4 + 5*v**3/3 + 7*v**2/2 + 41*v - 13. Is s(14) a prime number?
True
Suppose 5*b - 2 - 18 = 0. Suppose -5*v - 3*q = -1480, 13*q + 1167 = b*v + 12*q. Is v prime?
True
Let q(v) = -136695*v + 1100. Is q(-3) prime?
False
Suppose 0 = 2*b - 2*k - 4, 0*b = b - 5*k + 6. Suppose 2*m + b*i = -6, 2 = 4*m + 3*i - 6. Suppose 75 + 100 = m*w. Is w a composite number?
True
Let c = -31 - -61. Let p = c - 27. Suppose 4*x + 183 = n, p*x = -5*n + 8*x + 945. Is n a prime number?
True
Suppose -26*t + 96838 = -319084. Is t composite?
True
Let m(y) = -16*y**2 + 14*y. Let z be m(2). Is 25306/8 + 9/z prime?
True
Let z(a) = 4*a**2 - 3*a - 15. Let h be z(3). Suppose -4*i = h, 2*i - 5253 = -y + 13270. Is y a prime number?
False
Suppose -14*x - q - 99775 = -18*x, -49883 = -2*x - q. Is x composite?
False
Let g = 68587 - -44898. Is g a composite number?
True
Suppose 7451*f - 17521 = 7444*f. Is f a composite number?
False
Let a be 3/4 + 267/12 + -1. Is 9743/5 - a/(-55) a composite number?
False
Suppose -5*g + 3*r + r + 61475 = 0, 4*g - 49221 = -5*r. Suppose 5*k - 12*k + g = 0. Is k composite?
True
Let t(a) = -8*a - 3. Let p be t(-1). Let s be (-2)/(-3) - ((-2585)/15 - p). Suppose -4*g + 902 = s. Is g composite?
False
Let l = 103561 - -12120. Is l prime?
False
Suppose 6*i = 15*i - 5*i - 717724. Is i composite?
True
Let o(k) = 2*k + 14. Let w be o(-4). Suppose 4*v - 30 = -w*v. Suppose 0 = v*d - 141 - 390. Is d a prime number?
False
Suppose 11*o - 7*o + 4967705 = 3*z, 4*o = -3*z + 4967713. Is z prime?
False
Suppose -2*r - 14 = 0, 4*s + 257*r = 256*r + 2673877. Is s a composite number?
False
Let y = 242 - 233. Suppose -y*r - 6467 = -25358. Is r prime?
True
Let y(p) = 155*p**2 - 280*p + 1. Is y(-10) a prime number?
True
Let l(v) = 11*v + 15. Let q be l(-1). Suppose 3*z + 3*f - f = 15093, -q*z = 5*f - 20117. Is z a composite number?
True
Let v be (-3 + (-42)/(-18))*(-3)/1. Let a be -2*(v + 20/(-8)). Let b(s) = 792*s**3 - s + 2. Is b(a) composite?
True
Let h(u) = 500*u**3 - u**2 + 28*u - 76. Is h(3) a prime number?
True
Suppose 20*a + 15*a = 238245. Is a a composite number?
True
Suppose -4*t - 3*i + 11 = 0, -i = 2*i - 3. Suppose -g = -4*s - 271, s - 3*g = -t*s - 210. Let k = 150 - s. Is k a prime number?
False
Let h = -222 + 226. Let f be -2 + (5 - 3/1). Suppose a + h = 0, -4*a + 1391 = 3*i - f*a. Is i composite?
True
Suppose 0 = 4*u - 5*v, 4*u + u - 3*v = 0. Suppose u = -4*k + 20, a + 8 = k - 53. Let r = a + 139. Is r a composite number?
False
Suppose 0 = 4*z - 12, -3*z - 4143369 = -5*v - 360293. Is v a composite number?
True
Let r(l) = -47*l - 444. Is r(-65) composite?
True
Is 861777 - (0 - (0 + 14)) a prime number?
False
Suppose -u + 8 = -36*v + 39*v, 4*u = 4*v. Suppose -g + 9464 = 5*f, g = -3*f + 6651 - 973. Suppose 0 = l + u*l - f. Is l composite?
False
Let q be (210/(-7))/10 - -13. Let a(d) = -d**2 - 10*d - 7. Let c be a(-9). Is (c - (-1095)/q)*10 a composite number?
True
Suppose -553*t = -556*t + 21. Suppose -17*o + 20530 = -t*o. Is o prime?
True
Let x = 306 - 297. Suppose 5674 = x*s - 5. Is s a prime number?
True
Suppose 11*h = -11328 + 67043. Is h a composite number?
True
Is (-3)/4*(8292724/(-33) - -16) prime?
True
Let p be (-3)/1 - (-9646 - 4). Suppose 14*l + p = 25*l. Is l a composite number?
False
Let a(h) = -h + 123. Let y be a(18). Let d = 626 - y. Is d prime?
True
Let t(i) = -17219*i**3 - 30*i**2 - 78*i + 2. Is t(-3) composite?
False
Let g(f) = -f**2 + 134*f + 6607. Is g(0) prime?
True
Let f = -8727 + 36568. Is f a composite number?
True
Let c be (44/3)/((-128)/(-576)). Suppose 44*s - c*s + 65362 = 0. Is s composite?
False
Let k(s) be the first derivative of -s**3/3 - 7*s**2/2 + 5623*s - 2. Is k(0) a composite number?
False
Is -7 - (3884692/(-20) - 12/(-20)) prime?
False
Let n(u) = 36*u**2 + 9*u - 11. Let f be n(-9). Suppose 7*y + y = f. Is y composite?
False
Let c = -598 - -615. Suppose -c*m - 3*m = -92420. Is m a composite number?
False
Suppose 2*k = -2*k - 12, 5*k = -c + 5698. Suppose 4*r - f - 9500 = -r, 2*f - c = -3*r. Suppose 5*b - r = -331. Is b composite?
True
Let o(d) = -110*d**2 + 14*d + 21. Let c be o(-4). Let k = c + 4206. Is k a composite number?
False
Is -2*33/44*(-2)/(-9)*-1967541 a composite number?
False
Suppose 8*g + 23*g + 4*n = 11381673, 5*g + n = 1835753. Is g prime?
False
Let w be -1*461*7*(-300)/350. Suppose -w = -27*c + 14217. Is c composite?
True
Let w(y) = 0 - 559*y**2 + 16 + 560*y**2 + 11*y. Let x be w(-11). Suppose -5*i + 3069 = p, -12*i = -x*i - 5*p + 2451. Is i prime?
False
Let y be (2/3)/(6/(-9)). Let r(x) = -1876*x - 6. Let p(n) = -1875*n - 6. Let s(k) = 5*p(k) - 4*r(k). Is s(y) composite?
True
Suppose 5*j - 9*j = -23640. Suppose -4 = -r, -3*x - 3*r = -0*x - j. Is x prime?
False
Suppose -54*t + 49*t = -i - 113841, -t + 5*i + 22749 = 0. Is t composite?
False
Let p(r) = -1766*r - 971. Is p(-9) composite?
False
Is 9/((-18)/2457740)*(-7)/(-98)*-7 composite?
True
Suppose 7*l - 57*l = -250. Is ((-1082)/l)/(20/(-650)) composite?
True
Suppose 6897 = -21*m + 18*m. Let v = m - -7338. Is v composite?
False
Suppose -5*z - 75920 + 286575 = 0. Is z a prime number?
True
Let q(g) = 126*g**2 - 164*g + 637. Is q(34) prime?
True
Suppose 2*h + 4*c - 65050 = 2*c, 162597 = 5*h - 2*c. Is h composite?
True
Let j = 1676 - 695. Suppose 4*r + 984 = -2*w + 6*w, 4*w - j = r. Let h = -96 + w. Is h a prime number?
True
Let r = -188 + 349. Let j be -1 - 9*4/(-6). Suppose y - 626 = j*z, 5*y - 3*z - 2991 = r. Is y a composite number?
False
Let s = 102 - 85. Is s/((-85)/(-85330)) - 7 a composite number?
True
Let y = 24629 + 22674. Is y composite?
False
Let h(s) = 9*s**2 - 1. Let p be h(-1). Suppose 11*l = -j + 13*l + 2, 0 = 4*l + 4. Suppose -p*g + 492 + 2116 = j. Is g composite?
True
Let d(z) = -2*z**3 + 2*z**2 + 23*z + 12. Let b be d(-7). Suppose 18*r - b = 13*r. Is r a composite number?
False
Let y(w) = -11*w - 20. Let p be y(-2). Suppose -6*a + 3*n = -4*a - 300, 316 = p*a + 5*n. Suppose 4*c + 642 = 4*m + 9*c, m - a = -5*c. Is m composite?
False
Let d(v) = 25*v**2 + 55*v + 467. Is d(-43) a composite number?
True
Is ((-1454)/(-10))/(-21 + 85804/4085) a composite number?
True
Let u be (-16244)/(-6) + (-12)/27*3. Let a = u - 1245. Is a a p